
Does 180 divide 690586740?
True
Does 104 divide 7187066683?
False
Is 242671932 a multiple of 4?
True
Does 6 divide 3796277?
False
Is 18933054 a multiple of 21?
True
Does 924 divide 6755190?
False
Is 257409340 a multiple of 380?
True
Is 4 a factor of 724506?
False
Does 6 divide 13935707?
False
Is 1938146051 a multiple of 238?
False
Does 9 divide 1346918328?
True
Is 3324 a factor of 4179634164?
True
Does 367 divide 186365318?
False
Does 45 divide 320368815?
True
Is 78844542 a multiple of 129?
True
Is 810519888 a multiple of 48?
True
Is 458 a factor of 6262016908?
True
Is 406811258 a multiple of 17?
True
Is 7435 a factor of 478524035?
True
Does 4 divide 26281880?
True
Is 180 a factor of 1184207379?
False
Is 551 a factor of 8461385?
False
Is 228 a factor of 1595544?
True
Is 40624214 a multiple of 109?
False
Is 1385 a factor of 762801462?
False
Does 2036 divide 921318170?
False
Is 17 a factor of 1892830783?
False
Is 50152121 a multiple of 452?
False
Is 33 a factor of 293923146?
True
Does 5 divide 19325530?
True
Is 15 a factor of 125314365?
True
Does 37 divide 543528320?
False
Is 21 a factor of 125312607?
True
Does 859 divide 58393988?
False
Is 60023749 a multiple of 5?
False
Is 379 a factor of 83761519?
False
Does 6 divide 163845797?
False
Is 893775115 a multiple of 3851?
False
Does 435 divide 39673002?
False
Is 848 a factor of 538837008?
True
Is 59 a factor of 2917123?
False
Is 30 a factor of 23671770?
True
Is 178 a factor of 96247522?
False
Is 39 a factor of 17527185?
True
Is 1165 a factor of 87745443?
False
Is 67576992 a multiple of 12?
True
Is 2 a factor of 383368670?
True
Does 428 divide 1703676285?
False
Is 1430278920 a multiple of 504?
True
Does 11 divide 3301591?
False
Is 126 a factor of 84325122?
True
Is 155876569 a multiple of 413?
False
Is 17439216 a multiple of 165?
False
Is 4314661397 a multiple of 18?
False
Is 443 a factor of 19772741?
False
Does 337 divide 34493175?
False
Does 8215 divide 1098101914?
False
Does 99 divide 1521397251?
True
Is 12 a factor of 156959919?
False
Does 143 divide 458240211?
True
Does 1166 divide 610695998?
True
Does 19 divide 52290736?
True
Is 118 a factor of 3462617960?
True
Is 9332914 a multiple of 38?
True
Is 4334 a factor of 4489183204?
True
Is 32010392 a multiple of 4084?
True
Does 164 divide 56080292?
True
Is 316 a factor of 53449046?
False
Is 55510716 a multiple of 159?
True
Is 295541532 a multiple of 484?
True
Is 133 a factor of 8547245?
True
Does 345 divide 11181533?
False
Is 124 a factor of 6440321?
False
Is 18 a factor of 803405340?
True
Is 1192 a factor of 1807928?
False
Does 415 divide 57298430?
False
Does 2821 divide 64392146?
True
Is 6 a factor of 51068190?
True
Is 1007057 a multiple of 5?
False
Does 23 divide 3698285?
True
Is 27 a factor of 265764053?
False
Is 148 a factor of 21174944?
False
Is 220188562 a multiple of 129?
False
Does 12 divide 1167256585?
False
Does 5 divide 11508925?
True
Does 11 divide 41129792?
True
Is 306414126 a multiple of 586?
True
Is 599 a factor of 70805993?
True
Is 16400314 a multiple of 14?
True
Is 3709 a factor of 3399231738?
True
Does 76 divide 210233863?
False
Is 28 a factor of 218093952?
False
Is 19 a factor of 701003157?
True
Is 211314870 a multiple of 2327?
True
Is 437843511 a multiple of 63?
True
Is 2574 a factor of 31114023?
False
Does 1917 divide 100377954?
True
Is 1308 a factor of 883190?
False
Is 20036346 a multiple of 335?
False
Is 70209342 a multiple of 7?
True
Is 11537678 a multiple of 9?
False
Does 9 divide 10089253?
False
Is 44 a factor of 67371356?
False
Is 55 a factor of 28981632?
False
Does 55 divide 2507450?
True
Is 659867504 a multiple of 7?
False
Is 4061 a factor of 22914024?
False
Is 84725990 a multiple of 277?
True
Does 4117 divide 53130157?
False
Does 21 divide 97294449?
True
Is 39 a factor of 108786542?
False
Does 612 divide 39923020?
False
Does 11 divide 8855191?
False
Does 1550 divide 2530790400?
True
Is 237 a factor of 1058453850?
True
Is 47166435 a multiple of 249?
False
Is 1741672842 a multiple of 4746?
True
Does 197 divide 153700779?
True
Is 400944 a multiple of 12?
True
Does 9 divide 2051710834?
False
Does 148 divide 430473392?
True
Is 4677490080 a multiple of 160?
True
Is 10 a factor of 2751800600?
True
Is 12 a factor of 149069056?
False
Does 10 divide 844925445?
False
Does 1673 divide 27743359?
True
Is 74 a factor of 345736844?
False
Is 18659842 a multiple of 36?
False
Does 2013 divide 1152600245?
False
Does 7455 divide 571895415?
True
Does 3435 divide 1296870510?
True
Is 74579787 a multiple of 27?
False
Does 226 divide 212836856?
True
Does 4 divide 102262629?
False
Is 2812 a factor of 349936528?
True
Is 301480930 a multiple of 5?
True
Is 43775064 a multiple of 36?
True
Does 939 divide 1014286203?
True
Does 4 divide 32958924?
True
Is 156 a factor of 25549119?
False
Is 4056416773 a multiple of 133?
False
Is 16 a factor of 31260857?
False
Is 207846259 a multiple of 909?
False
Is 6 a factor of 23601096?
True
Is 154794200 a multiple of 2840?
True
Does 5108 divide 3690662035?
False
Does 68 divide 722791108?
True
Does 1457 divide 881895874?
True
Is 10 a factor of 525270?
True
Is 53790722 a multiple of 85?
False
Does 121 divide 107837906?
False
Does 500 divide 6816500?
True
Does 867 divide 392071195?
False
Is 98 a factor of 303615147?
False
Does 15 divide 25599945?
True
Is 5400257099 a multiple of 14690?
False
Is 229154173 a multiple of 75?
False
Is 1020090 a multiple of 74?
True
Does 1362 divide 2134516825?
False
Is 2269082325 a multiple of 8?
False
Does 10 divide 172283190?
True
Is 944 a factor of 225496275?
False
Is 62185440 a multiple of 24?
True
Is 231 a factor of 152837703?
False
Is 13 a factor of 1736514988?
True
Is 9 a factor of 690024510?
True
Is 26850600 a multiple of 20?
True
Is 8 a factor of 7268764?
False
Is 26720373 a multiple of 619?
True
Is 58 a factor of 13244249?
False
Is 3522458 a multiple of 67?
True
Does 16 divide 2526473655?
False
Does 173 divide 155768122?
False
Is 1604 a factor of 51495017?
False
Is 110 a factor of 1756274630?
True
Is 109 a factor of 5790205535?
False
Is 25273279 a multiple of 167?
True
Is 235735583 a multiple of 454?
False
Does 363 divide 8430870?
False
Is 163 a factor of 2943617?
True
Is 657 a factor of 235468143?
True
Does 15 divide 3259130?
False
Does 221 divide 39834587?
True
Does 47 divide 12793717?
False
Is 24218918 a multiple of 599?
False
Is 1566 a factor of 36276390?
True
Is 90835148 a multiple of 168?
False
Is 476 a factor of 18215796?
False
Is 22 a factor of 22838596?
True
Is 1628 a factor of 4260476?
True
Is 835459212 a multiple of 2422?
True
Is 24 a factor of 7381959?
False
Is 6 a factor of 267924055?
False
Is 270046535 a multiple of 407?
True
Is 31345771 a multiple of 69?
False
Is 17 a factor of 444868716?
True
Is 340 a factor of 1954137390?
False
Is 142 a factor of 2451230980?
True
Is 546 a factor of 19832904?
True
Is 437 a factor of 8832894?
False
Is 507 a factor of 58704009?
True
Is 79699736 a multiple of 10?
False
Does 196 divide 89964980?
True
Is 639 a factor of 22700475?
True
Is 68788188 a multiple of 21?
True
Is 13 a factor of 3100843915?
True
Is 13 a factor of 62011560?
True
Is 11 a factor of 67482613?
True
Does 2777 divide 28051452?
False
Is 862676269 a multiple of 3341?
True
Is 2653 a factor of 102941706?
True
Is 296 a factor of 192083168?
False
Is 283 a factor of 23531733?
True
Is 14448770 a multiple of 219?
False
Is 3962647096 a multiple of 12?
False
Does 21 divide 19708688?
False
Does 6 divide 24355720?
False
Is 244 a factor of 1013618212?
True
Does 35 divide 57219715?
True
Does 1335 divide 29171736?
False
Is 18 a factor of 76211070?
False
Is 18 a factor of 91184114?
False
Does 2181 divide 106461153?
True
Is 57 a factor of 205282878?
True
Is 119 a factor of 67287241?
True
Is 4 a factor of 133664033?
False
Is 2145 a factor of 1592910475?
False
Is 41 a factor of 39690706?
True
Is 949 a factor of 1327015170?
True
Does 1380 divide 139818754?
False
Is 3 a factor of 196180935?
True
Is 57151618 a multiple of 172?
False
Is 9 a factor of 37784997?
True
Is 306 a factor of 82667010?
False
Is 12 a factor of 1695744948?
True
Is 436216182 a multiple of 184?
False
Does 4307 divide 251046110?
False
Is 11058277 a multiple of 554?
False
Does 2 divide 127643983?
False
Is 4729725 a mu